{"id":429,"date":"2020-11-24T13:18:41","date_gmt":"2020-11-24T12:18:41","guid":{"rendered":"http:\/\/www.oedt.at\/spar\/?page_id=429"},"modified":"2021-02-04T16:38:53","modified_gmt":"2021-02-04T15:38:53","slug":"villa-aeternum","status":"publish","type":"page","link":"https:\/\/www.oedt.at\/spar\/?page_id=429","title":{"rendered":"Villa Aeternum"},"content":{"rendered":"\n<p>Kroatien &#8211; Insel Krk &#8211; Vrbnik<\/p>\n\n\n\n<p>In dieser Designer Villa haben wir zwei Apartments zu mieten.<br>Direkt am Meer mit einem tollen Blick auf den Hafen von Vrbnik.<br>Jedes Apartment 50m\u00b2 hat ein Schlafzimmer und zus\u00e4tzlich ein Auszieh-Doppelbett im Wohnbereich.<br>Nachdem beide Apartments in einer Etage liegen und durch eine gro\u00dfe Terrasse verbunden sind, k\u00f6nnen bis zu 8 Personen Urlaub machen.<\/p>\n\n\n\n<p><\/p>\n\n\n\n<figure class=\"wp-block-image\"><a href=\"https:\/\/www.insel-urlaub.at\/?cmp_bypass=aeternum\" target=\"_blank\" rel=\"noreferrer noopener\"><img loading=\"lazy\" width=\"1024\" height=\"683\" src=\"https:\/\/www.oedt.at\/spar\/wp-content\/uploads\/2020\/11\/IMG_1679-1024x683.jpg\" alt=\"\" class=\"wp-image-430\" srcset=\"https:\/\/www.oedt.at\/spar\/wp-content\/uploads\/2020\/11\/IMG_1679-1024x683.jpg 1024w, https:\/\/www.oedt.at\/spar\/wp-content\/uploads\/2020\/11\/IMG_1679-300x200.jpg 300w, https:\/\/www.oedt.at\/spar\/wp-content\/uploads\/2020\/11\/IMG_1679-768x512.jpg 768w\" sizes=\"(max-width: 1024px) 100vw, 1024px\" \/><\/a><figcaption><strong>Genie\u00dfen&nbsp;Sie unsere Sonnenterrasse direkt am Meer<br>Mehr Informationen auf<br><a href=\"http:\/\/www.insel-urlaub.at\" target=\"_blank\" rel=\"noreferrer noopener\" aria-label=\"www.insel-urlaub.at (\u00f6ffnet in neuem Tab)\">www.insel-urlaub.at<\/a><\/strong><\/figcaption><\/figure>\n","protected":false},"excerpt":{"rendered":"<p>Kroatien &#8211; Insel Krk &#8211; Vrbnik In dieser Designer Villa haben wir zwei Apartments zu mieten.Direkt am Meer mit einem tollen Blick auf den Hafen von Vrbnik.Jedes Apartment 50m\u00b2 hat ein Schlafzimmer und zus\u00e4tzlich ein Auszieh-Doppelbett im Wohnbereich.Nachdem beide Apartments<a class=\"more-link\" href=\"https:\/\/www.oedt.at\/spar\/?page_id=429\"><span>Read more<\/span><\/a><\/p>\n","protected":false},"author":1,"featured_media":0,"parent":0,"menu_order":0,"comment_status":"closed","ping_status":"closed","template":"","meta":{"ngg_post_thumbnail":0},"_links":{"self":[{"href":"https:\/\/www.oedt.at\/spar\/index.php?rest_route=\/wp\/v2\/pages\/429"}],"collection":[{"href":"https:\/\/www.oedt.at\/spar\/index.php?rest_route=\/wp\/v2\/pages"}],"about":[{"href":"https:\/\/www.oedt.at\/spar\/index.php?rest_route=\/wp\/v2\/types\/page"}],"author":[{"embeddable":true,"href":"https:\/\/www.oedt.at\/spar\/index.php?rest_route=\/wp\/v2\/users\/1"}],"replies":[{"embeddable":true,"href":"https:\/\/www.oedt.at\/spar\/index.php?rest_route=%2Fwp%2Fv2%2Fcomments&post=429"}],"version-history":[{"count":6,"href":"https:\/\/www.oedt.at\/spar\/index.php?rest_route=\/wp\/v2\/pages\/429\/revisions"}],"predecessor-version":[{"id":512,"href":"https:\/\/www.oedt.at\/spar\/index.php?rest_route=\/wp\/v2\/pages\/429\/revisions\/512"}],"wp:attachment":[{"href":"https:\/\/www.oedt.at\/spar\/index.php?rest_route=%2Fwp%2Fv2%2Fmedia&parent=429"}],"curies":[{"name":"wp","href":"https:\/\/api.w.org\/{rel}","templated":true}]}}

<p>Kroatien &#8211; Insel Krk &#8211; Vrbnik</p>



<p>In dieser Designer Villa haben wir zwei Apartments zu mieten.<br>Direkt am Meer mit einem tollen Blick auf den Hafen von Vrbnik.<br>Jedes Apartment 50m² hat ein Schlafzimmer und zusätzlich ein Auszieh-Doppelbett im Wohnbereich.<br>Nachdem beide Apartments in einer Etage liegen und durch eine große Terrasse verbunden sind, können bis zu 8 Personen Urlaub machen.</p>



<p></p>



<figure class="wp-block-image"><a href="https://www.insel-urlaub.at/?cmp_bypass=aeternum" target="_blank" rel="noreferrer noopener"><img loading="lazy" width="1024" height="683" src="https://www.oedt.at/spar/wp-content/uploads/2020/11/IMG_1679-1024x683.jpg" alt="" class="wp-image-430" srcset="https://www.oedt.at/spar/wp-content/uploads/2020/11/IMG_1679-1024x683.jpg 1024w, https://www.oedt.at/spar/wp-content/uploads/2020/11/IMG_1679-300x200.jpg 300w, https://www.oedt.at/spar/wp-content/uploads/2020/11/IMG_1679-768x512.jpg 768w" sizes="(max-width: 1024px) 100vw, 1024px" /></a><figcaption><strong>Genießen&nbsp;Sie unsere Sonnenterrasse direkt am Meer<br>Mehr Informationen auf<br><a href="http://www.insel-urlaub.at" target="_blank" rel="noreferrer noopener" aria-label="www.insel-urlaub.at (öffnet in neuem Tab)">www.insel-urlaub.at</a></strong></figcaption></figure>

<p>Kroatien &#8211; Insel Krk &#8211; Vrbnik In dieser Designer Villa haben wir zwei Apartments zu mieten.Direkt am Meer mit einem tollen Blick auf den Hafen von Vrbnik.Jedes Apartment 50m² hat ein Schlafzimmer und zusätzlich ein Auszieh-Doppelbett im Wohnbereich.Nachdem beide Apartments<a class="more-link" href="https://www.oedt.at/spar/?page_id=429"><span>Read more</span></a></p>
