{"id":33,"date":"2016-01-29T20:21:47","date_gmt":"2016-01-29T19:21:47","guid":{"rendered":"http:\/\/www.oedt.at\/biohof\/?page_id=33"},"modified":"2019-01-04T07:41:44","modified_gmt":"2019-01-04T06:41:44","slug":"landschweine-schwaebisch-haellische","status":"publish","type":"page","link":"https:\/\/www.oedt.at\/biohof\/?page_id=33","title":{"rendered":"LANDSCHWEINE"},"content":{"rendered":"<p><strong>Schw\u00e4bisch H\u00e4llische Landschweine<\/strong><\/p>\n<p>Wir haben eine sehr&nbsp;robuste Schweinerasse auf unserem Biohof. Unsere Schw\u00e4bisch H\u00e4llischen Schweine f\u00fchlen sich wohl bei uns. Sie werden das ganze Jahr im Freien gehalten und haben immer die freie Wahl zwischen Auslauf und Unterstand. Im&nbsp;Unterstand gibt es Strohnest, in dem sich die Schweine in den kalten N\u00e4chten vergraben k\u00f6nnen. Unsere Schweine sind Handzahm und folgen uns auf Schritt und Tritt. Eingez\u00e4unt sind sie mit einem Elektrozaun, der nach der neuen Schweinepestverordnung, nun um einen 1,50m hohen Maschendrahtzaun au\u00dfen um das Gel\u00e4nde herum erweitert wurde.<\/p>\n<figure id=\"attachment_298\" aria-describedby=\"caption-attachment-298\" style=\"width: 684px\" class=\"wp-caption alignnone\"><img loading=\"lazy\" width=\"684\" height=\"513\" class=\"wp-image-298 \" src=\"http:\/\/www.oedt.at\/biohof\/wp-content\/uploads\/2016\/12\/IMG_1487-1.jpg\" srcset=\"https:\/\/www.oedt.at\/biohof\/wp-content\/uploads\/2016\/12\/IMG_1487-1.jpg 4032w, https:\/\/www.oedt.at\/biohof\/wp-content\/uploads\/2016\/12\/IMG_1487-1-300x225.jpg 300w, https:\/\/www.oedt.at\/biohof\/wp-content\/uploads\/2016\/12\/IMG_1487-1-768x576.jpg 768w, https:\/\/www.oedt.at\/biohof\/wp-content\/uploads\/2016\/12\/IMG_1487-1-1024x768.jpg 1024w\" sizes=\"(max-width: 684px) 100vw, 684px\" \/><figcaption id=\"caption-attachment-298\" class=\"wp-caption-text\">Michi, Franzl, Rudi und Josefa<\/figcaption><\/figure>\n<p>&nbsp;<\/p>\n<p>&nbsp;<\/p>\n<p>&nbsp;<\/p>\n","protected":false},"excerpt":{"rendered":"<p>Schw\u00e4bisch H\u00e4llische Landschweine Wir haben eine sehr&nbsp;robuste Schweinerasse auf unserem Biohof. Unsere Schw\u00e4bisch H\u00e4llischen Schweine f\u00fchlen sich wohl bei uns. Sie werden das ganze Jahr im Freien gehalten und haben immer die freie Wahl zwischen Auslauf und Unterstand. Im&nbsp;Unterstand gibt<a class=\"more-link\" href=\"https:\/\/www.oedt.at\/biohof\/?page_id=33\"><span>Weiterlesen<\/span><\/a><\/p>\n","protected":false},"author":1,"featured_media":0,"parent":0,"menu_order":3,"comment_status":"closed","ping_status":"closed","template":"","meta":{"ngg_post_thumbnail":0},"_links":{"self":[{"href":"https:\/\/www.oedt.at\/biohof\/index.php?rest_route=\/wp\/v2\/pages\/33"}],"collection":[{"href":"https:\/\/www.oedt.at\/biohof\/index.php?rest_route=\/wp\/v2\/pages"}],"about":[{"href":"https:\/\/www.oedt.at\/biohof\/index.php?rest_route=\/wp\/v2\/types\/page"}],"author":[{"embeddable":true,"href":"https:\/\/www.oedt.at\/biohof\/index.php?rest_route=\/wp\/v2\/users\/1"}],"replies":[{"embeddable":true,"href":"https:\/\/www.oedt.at\/biohof\/index.php?rest_route=%2Fwp%2Fv2%2Fcomments&post=33"}],"version-history":[{"count":5,"href":"https:\/\/www.oedt.at\/biohof\/index.php?rest_route=\/wp\/v2\/pages\/33\/revisions"}],"predecessor-version":[{"id":453,"href":"https:\/\/www.oedt.at\/biohof\/index.php?rest_route=\/wp\/v2\/pages\/33\/revisions\/453"}],"wp:attachment":[{"href":"https:\/\/www.oedt.at\/biohof\/index.php?rest_route=%2Fwp%2Fv2%2Fmedia&parent=33"}],"curies":[{"name":"wp","href":"https:\/\/api.w.org\/{rel}","templated":true}]}}

<p><strong>Schwäbisch Hällische Landschweine</strong></p>
<p>Wir haben eine sehr&nbsp;robuste Schweinerasse auf unserem Biohof. Unsere Schwäbisch Hällischen Schweine fühlen sich wohl bei uns. Sie werden das ganze Jahr im Freien gehalten und haben immer die freie Wahl zwischen Auslauf und Unterstand. Im&nbsp;Unterstand gibt es Strohnest, in dem sich die Schweine in den kalten Nächten vergraben können. Unsere Schweine sind Handzahm und folgen uns auf Schritt und Tritt. Eingezäunt sind sie mit einem Elektrozaun, der nach der neuen Schweinepestverordnung, nun um einen 1,50m hohen Maschendrahtzaun außen um das Gelände herum erweitert wurde.</p>
<figure id="attachment_298" aria-describedby="caption-attachment-298" style="width: 684px" class="wp-caption alignnone"><img loading="lazy" width="684" height="513" class="wp-image-298 " src="http://www.oedt.at/biohof/wp-content/uploads/2016/12/IMG_1487-1.jpg" srcset="https://www.oedt.at/biohof/wp-content/uploads/2016/12/IMG_1487-1.jpg 4032w, https://www.oedt.at/biohof/wp-content/uploads/2016/12/IMG_1487-1-300x225.jpg 300w, https://www.oedt.at/biohof/wp-content/uploads/2016/12/IMG_1487-1-768x576.jpg 768w, https://www.oedt.at/biohof/wp-content/uploads/2016/12/IMG_1487-1-1024x768.jpg 1024w" sizes="(max-width: 684px) 100vw, 684px" /><figcaption id="caption-attachment-298" class="wp-caption-text">Michi, Franzl, Rudi und Josefa</figcaption></figure>
<p>&nbsp;</p>
<p>&nbsp;</p>
<p>&nbsp;</p>

<p>Schwäbisch Hällische Landschweine Wir haben eine sehr&nbsp;robuste Schweinerasse auf unserem Biohof. Unsere Schwäbisch Hällischen Schweine fühlen sich wohl bei uns. Sie werden das ganze Jahr im Freien gehalten und haben immer die freie Wahl zwischen Auslauf und Unterstand. Im&nbsp;Unterstand gibt<a class="more-link" href="https://www.oedt.at/biohof/?page_id=33"><span>Weiterlesen</span></a></p>
